tive of 3/2*o**2 - 8 - 1/4*o**4 + 2*o + 2/3*o**3. Determine l(3).
2
Suppose -4*t = -2*u + 14, 4*t = -2*u - 5 - 21. Let c(v) = 2*v**2 - 2*v - 1. Determine c(u).
23
Let b(d) = -5*d - 26*d**2 + 25*d**2 - 6 + 3. Give b(-5).
-3
Let w be 10/(-25)*(2 + -3 + -9). Let m(y) = 7*y - 1. Give m(w).
27
Let q = 26 + -26. Suppose 0 = 2*y + 17 - 7, -3*m + 5*y + 43 = q. Let f(z) = -2*z + 6. What is f(m)?
-6
Let b(n) = n**2 + 6*n + 4. Suppose 7 - 27 = 5*w. Give b(w).
-4
Let p(f) = f**3 + f**2 + f + 1. Let t(d) be the first derivative of -d**4 - 2*d**3/3 - 2*d**2 - 3*d + 2. Let g(r) = -3*p(r) - t(r). Let h = 0 - -2. Give g(h).
6
Let q(g) = 4 - 3 - g - 3 + 3. Suppose -s - 2 = 3. Determine q(s).
6
Let a(l) be the first derivative of -l**3/3 - 7*l**2/2 - 4*l + 3. Determine a(-5).
6
Suppose -2 = -2*g + 6. Let l(r) = r**3 - 4*r**2 - 1. Calculate l(g).
-1
Let v be (-1)/(-4 + 7)*(-2)/2. Let w(y) be the first derivative of v*y**3 + 5/2*y**2 - 1 + 2*y. What is w(-5)?
2
Let j(d) = 0 + 4*d**2 - 5*d**2 - d**3 - 2 + 2*d**2. Suppose q + q = -4. Give j(q).
10
Let y(t) = 2*t + 4. Let q(b) = -b - 1. Let x(s) = -3*q(s) - y(s). Let f(g) = -g**2 - 7*g + 4. Let a(i) = f(i) + 4*x(i). Give a(-4).
-4
Let c = 6 - 4. Suppose 2*l = -3*u - 3, -c*l = u + u + 4. Let z = l + -2. Let k(g) = -g - 7. What is k(z)?
-2
Suppose 2*j + 3*j = 5*t - 20, 0 = 4*t - 2*j - 24. Suppose -t*l - 25 = -3*l. Let o(b) = b + 5. Give o(l).
0
Suppose 0 = -4*a + 8*a + 12. Let z be a + -2*(-2)/4. Let q(y) = 6*y**2 + 4*y - 4*y**2 - 3*y + 2 + y**3. What is q(z)?
0
Let b = 25 + -22. Let z(c) = 4*c**3 + 5*c**3 - c**2 - 8*c**3 - b + 3*c. Determine z(2).
7
Let z(u) = u**3 - 5*u**2 - 4*u - 8. Let r = 29 - 6. Let x = -17 + r. What is z(x)?
4
Let g(y) = 4 + 0*y + 0*y + 2*y - y. Let q = 3 + 0. Give g(q).
7
Let o(v) = v**3 - 8*v**2 - v + 9. Let a be o(8). Let b(m) = m**3 + 4*m**2 + 7*m - 7. Let y(n) = -n + 1. Let z(j) = a*b(j) + 6*y(j). Determine z(-4).
-5
Suppose 3*y + 15 = -2*j, -2*y + 4 = -3*j + 1. Let u(k) = 3 + k**2 + 3 - 4 + 7*k. Give u(j).
-10
Let m(l) = l**3 + 16*l**2 + 15*l + 8. Let n(r) = r**3 + 17*r**2 + 16*r + 8. Let b(v) = 7*m(v) - 6*n(v). Calculate b(-9).
8
Let k(n) be the first derivative of -n**6/360 + 3*n**5/40 - n**4/12 - 5*n**3/3 + 2. Let v(w) be the third derivative of k(w). Give v(8).
6
Let t(j) be the first derivative of j**3/3 + 2*j**2 - 9. Let z(g) be the third derivative of -g**4/24 + g**3/6 - g**2. Let k be z(5). Determine t(k).
0
Let r(l) = 7*l**3 + 11*l**2 + 7*l + 3. Let f(o) = -o**3 - o**2 - o - 1. Let x(k) = 6*f(k) + r(k). Let p be 2/3 + 69/(-9). Let i = p - -2. What is x(i)?
-8
Suppose -r + 6*r - 10 = 0. Suppose 5*l + 7 = -r*k + 25, 2*k = 2*l + 4. Let y(s) = 2*s + 2. Determine y(l).
6
Suppose -2*g = 2*g - 32. Suppose 0 = -2*t + 8, -5*b + 35 = 3*t + g. Let z(l) = -l + 3 - b*l + 3*l**2 + 8*l - 1. Give z(-2).
6
Let i(j) = 2*j**3 + 4*j**2 + 4*j + 7. Let c(m) = 3*m**3 + 6*m**2 + 6*m + 11. Let z(p) = 5*c(p) - 8*i(p). Give z(-1).
0
Let x(p) = 36 - 11 - 4*p**2 - p**3 - 17 - 10 + 8*p. Give x(-6).
22
Let y(s) = -s + s - 6*s + 8*s. Determine y(4).
8
Let u = 73 - 71. Let z(t) = -2*t**3 + t. Let i(n) = -n**3 + 1. Let v(p) = i(p) - z(p). Calculate v(u).
7
Let w(y) = 6*y**2 + 0*y**3 - y**3 + 3*y**2 - 3 - 8*y**2 + 2*y. Let v be 0 + 3/(3/2). Determine w(v).
-3
Suppose -i + 20 = -5*i. Let b(n) = 0 + 4 + 3 + 20*n. Let m(x) = -13*x - 5. Let r(q) = i*b(q) - 7*m(q). Determine r(1).
-9
Let d(p) = 2*p**2 + 1. Let r(k) = k**3 - 3*k**2 - 4*k + 4. Let l be r(4). Suppose 0*s = -s + l. Suppose v - 5*v = -s. Determine d(v).
3
Let f = 6 - 0. Let n(d) = -2*d - 1 + 0 - 5 + 3*d. Determine n(f).
0
Let c(t) = t - 10. Let y = -3 - -1. Let w be 2*1/y - -14. Let k be c(w). Let p(m) = -m**2 + 5*m + 1. Determine p(k).
7
Let u(d) = 0 - 1 + 4*d - 2*d. What is u(-2)?
-5
Let t(v) = -9*v**3 + 2*v + 1. Let y(o) = o - 3*o - 4 + 13. Let l be y(5). Give t(l).
8
Let b(y) = -2*y - 20. Let g be b(-12). Let c(t) = 8*t - 1. Let n(j) = 9*j. Let r(i) = -6*c(i) + 5*n(i). Determine r(g).
-6
Let c(n) = n**3 + 6*n**2. Let j = -156 - -150. Determine c(j).
0
Suppose 0*r + 5*r - 5 = 5*d, -4*d + 14 = -r. Let q = r - 6. Suppose q = -5*w - 39 + 9. Let y(a) = -a - 7. Give y(w).
-1
Suppose -3*d = 3*x - 21, 4*x - 13 = -d - 0*d. Let j = d + -9. Let b(k) = -k**2 - k. Let l(r) = 4*r**2 + 6*r + 1. Let g(p) = 3*b(p) + l(p). Give g(j).
5
Let l(f) = -14*f + 3 + 17*f - 6. Give l(3).
6
Let f(w) = 3*w + 3*w**2 - 3 - 7*w + 5 + w**3. Let k be f(-4). Let i(n) = -3*n**k - 9 + n**3 + 0*n + 6 + n. Give i(3).
0
Suppose -7 = -2*j + 1. Suppose 0 = 2*s + 3*s - 20. Let y(g) = s*g + 2*g - 2 - g**2 + 0*g. Determine y(j).
6
Let x(l) = -2*l + 7. Let k = -29 + 35. Calculate x(k).
-5
Let m(c) = 3*c + 3. Let i = -2 + -1. Give m(i).
-6
Let n be (-9 - -1)*(-2 - -1). Suppose -11*k + n*k = 9. Let g(w) be the third derivative of -w**4/24 + 2*w**3/3 + w**2. Determine g(k).
7
Let i be (0/(-1) - 1) + 6. Let c(l) = -l**2 - 7*l - 5. Let g(f) = -3*f**2 - 16*f - 9. Let k(d) = 5*c(d) - 2*g(d). Calculate k(i).
3
Let v(n) = n. Suppose 12 = 4*y, -2*k - 2*y + 13 = -3*k. Let s = k - -2. Determine v(s).
-5
Suppose 2*h - 7 - 43 = 0. Let j be 23/(-5) + (-10)/h. Let k(o) = -o + 1. Give k(j).
6
Let w(z) = -7*z**3 - 2*z - 1. Suppose 0 = x - 5*x + 16. Suppose -3*s = 4*b - 5, -6*s = -x*s + 4*b - 6. What is w(s)?
8
Let v(d) = -12*d - 11*d - 8*d + 32*d. What is v(7)?
7
Let n = 15 + -19. Let c(b) be the first derivative of -b**3/3 - 5*b**2/2 - 2*b + 1. What is c(n)?
2
Let g(q) = -6 - q**2 + 1 + 2 + 4 - 5*q. Let w be (-42)/11 + (-18)/99. Calculate g(w).
5
Let c(z) = z**2 + z + 1. Suppose 0 = 3*b - 24 + 3. Suppose 4*p + 0*r = -3*r - b, 3*p = 3*r + 21. What is c(p)?
7
Suppose -u - 30 = -3*y, 4*y = -0*u - 4*u - 56. Let q be u/(-8) + (-7)/28. Let m(n) = -n**2 + 3 - q*n + 2*n - n. Calculate m(-3).
-3
Let b = -8 - -14. Let v be (b/(-4))/((-24)/64). Suppose 0 = -f + 2 + v. Let u(m) = -m**3 + 7*m**2 - 6*m + 2. Give u(f).
2
Let j = -1 - -3. Let q(b) = j*b + 0 - 3 + 7. Let y(f) = -f**2 + 18*f - 22. Let p be y(17). Determine q(p).
-6
Suppose -k + 5*k = 20. Suppose -4*p + 2 = k*r + 6, 0 = -2*r + 3*p + 3. Let h = r - -1. Let j(i) = 4*i + 1. What is j(h)?
5
Let p(m) = m + 15. Let q be p(-9). Suppose -5*l = -q - 24. Let f(c) = -c**3 + 5*c**2 + 7*c - 6. Let x be f(l). Let g(d) = -d - 6. What is g(x)?
-6
Suppose j + 6 = k, -3*k = j + 4*j - 10. Let i(y) = -2 + 5 - 2 - 3 + k*y. Suppose -w + 2*d = 2*w - 12, 4*w + 4 = -4*d. Determine i(w).
8
Suppose 3*b + g - 3 = 4, 5*b = -2*g + 10. Let m(x) = b*x - 5 + 0*x + 3 + 3. Let z be m(-1). Let u(o) = -o**2 - 4*o - 2. What is u(z)?
1
Let z(w) = -3*w**3 + w**2 + 2*w + 3. Let o = -154 + 152. What is z(o)?
27
Let j(r) = -r + 1. Suppose 20*a - 66 = 9*a. Determine j(a).
-5
Let i(t) = -t + t**3 + t - t + 3 + t**2. Let h be (1 - 3)*(-1 - -3). Let w be (h/2 - -4) + -2. Give i(w).
3
Let q(i) be the third derivative of 0 + 2/3*i**3 - 2*i**2 - 1/24*i**4 + 0*i. Suppose 0 = 4*r - 4*f, 5*r - 2*f + 7*f = -30. What is q(r)?
7
Let q(a) = -3*a**2 - 6*a + 8. Let l(r) = -4*r**2 - 7*r + 8. Let s(t) = 2*l(t) - 3*q(t). Let j be (-351)/63 + 9/(-21). Give s(j).
4
Let m be ((-9)/6 - 0)/(2/4). Let j(y) = y + 2. Determine j(m).
-1
Suppose -2*c = -5 - 1. Suppose -x = 2*x - c. Let l(t) = 3*t**2 - 2*t**2 - 3*t**2 + 1 + 5*t**3. Give l(x).
4
Suppose -4*j - 3*i = j, 4*i = j. Let c = -33 - -33. Suppose 2*f + c + 2 = j. Let q(w) = 5*w. Calculate q(f).
-5
Let p(x) = -x**3 - 7*x**2 + 9*x + 8. Let i(l) = -3*l - 65. Let y be i(-19). Determine p(y).
0
Let c(y) be the third derivative of -y**6/120 - y**5/12 + y**4/12 + 7*y**3/6 - y**2. Suppose 0 = -2*t + 2, 2*t - 3 = -3*z + 23. Let q = 3 - z. Give c(q).
-3
Suppose -q + 6*q + 14 = 4*f, -f = 2*q - 10. Let w(y) = -y**3 + 6*y**2 - y - 3. Give w(f).
-9
Let i(u) = -u**3 + 4*u**2 + 5*u - 5. Let g(a) = a + 11. Suppose 10 + 14 = -4*d. Let p be g(d). Calculate i(p).
-5
Let f(l) = l**3 + 2*l**2 + l + 2. Let s = 19 + -22. Calculate f(s).
-10
Let h(i) = 14 - 12*i**2 + 6*i**2 - 13. Give h(1).
-5
Suppose 0 = w + 3*h + 8 - 18, w + 2*h - 5 = 0. Let i(n) = 5*n + 6*n**2 - 67 + 38 + 36 + n**3 + 0*n**3. Give i(w).
7
Suppose -g = -4*g + 12. Suppose 5 = 5*z - 0*z - 5*o, 3 = g*z - 3*o. Let s(v) = v**3 - v**2 - 6. What is s(z)?
-6
Let y(i) = i**3 - 5*i**2 - 2*i - 5. Suppose 4*x + 4*c = 5*x - 1, -3*x + 16 = c. Calcu